visor of 2553 and 207?
69
Calculate the highest common factor of 118 and 102.
2
What is the highest common divisor of 22 and 3014?
22
What is the greatest common factor of 437 and 92?
23
What is the highest common divisor of 12725 and 100?
25
Calculate the highest common factor of 1430 and 22.
22
Calculate the greatest common divisor of 651 and 3689.
217
What is the greatest common factor of 210 and 135?
15
Calculate the greatest common factor of 144 and 90.
18
Calculate the highest common divisor of 88 and 2596.
44
Calculate the greatest common factor of 248 and 465.
31
Calculate the highest common divisor of 41 and 369.
41
Calculate the greatest common factor of 3054 and 54.
6
Calculate the highest common factor of 281 and 1.
1
What is the greatest common divisor of 187 and 11?
11
What is the greatest common divisor of 1407 and 399?
21
What is the highest common divisor of 928 and 32?
32
What is the highest common divisor of 152 and 114?
38
What is the greatest common factor of 6593 and 19?
19
Calculate the highest common divisor of 16271 and 53.
53
What is the greatest common divisor of 336 and 96?
48
Calculate the highest common factor of 570 and 45.
15
Calculate the greatest common factor of 126 and 714.
42
What is the highest common divisor of 12 and 1428?
12
What is the highest common factor of 184 and 8?
8
What is the highest common factor of 990 and 270?
90
What is the greatest common divisor of 1197 and 252?
63
Calculate the highest common factor of 1034 and 352.
22
Calculate the highest common factor of 308 and 66.
22
What is the greatest common factor of 188 and 423?
47
Calculate the highest common divisor of 12 and 186.
6
Calculate the greatest common factor of 138 and 12.
6
Calculate the highest common divisor of 404 and 8282.
202
What is the greatest common divisor of 1752 and 72?
24
What is the greatest common factor of 2057 and 847?
121
What is the highest common factor of 22 and 946?
22
What is the greatest common divisor of 60 and 11316?
12
What is the greatest common factor of 962 and 2553?
37
What is the highest common factor of 1080 and 3560?
40
What is the highest common factor of 144 and 2295?
9
Calculate the highest common factor of 42 and 48.
6
What is the greatest common factor of 60 and 10410?
30
Calculate the greatest common factor of 4848 and 96.
48
Calculate the highest common divisor of 12469 and 74.
37
Calculate the greatest common divisor of 20590 and 1160.
290
Calculate the highest common divisor of 60 and 96.
12
Calculate the highest common divisor of 27 and 216.
27
Calculate the greatest common factor of 240 and 30.
30
What is the highest common factor of 52 and 1924?
52
Calculate the highest common divisor of 470 and 10.
10
Calculate the highest common divisor of 294 and 354.
6
What is the highest common divisor of 192 and 240?
48
Calculate the greatest common factor of 99 and 44.
11
What is the greatest common divisor of 16 and 480?
16
What is the highest common factor of 16 and 944?
16
What is the greatest common factor of 1462 and 34?
34
Calculate the highest common factor of 67 and 1072.
67
Calculate the highest common divisor of 17 and 1411.
17
What is the highest common divisor of 500 and 32?
4
What is the highest common divisor of 30 and 6?
6
What is the greatest common divisor of 19 and 2774?
19
Calculate the highest common factor of 8279 and 34.
17
What is the greatest common factor of 192 and 60?
12
Calculate the greatest common divisor of 147 and 3.
3
What is the highest common factor of 58 and 1421?
29
What is the greatest common factor of 180 and 4830?
30
What is the highest common divisor of 95 and 490?
5
What is the greatest common divisor of 40 and 170?
10
What is the highest common factor of 92 and 200?
4
Calculate the greatest common factor of 3 and 98.
1
Calculate the greatest common factor of 2123 and 143.
11
Calculate the highest common factor of 638 and 22.
22
What is the highest common factor of 75 and 15?
15
What is the highest common divisor of 85 and 4165?
85
What is the highest common factor of 748 and 34?
34
Calculate the highest common factor of 112 and 5488.
112
Calculate the highest common factor of 2406 and 12.
6
What is the greatest common factor of 738 and 1312?
82
What is the highest common factor of 2403 and 89?
89
Calculate the highest common divisor of 186 and 114.
6
What is the highest common divisor of 944 and 32?
16
Calculate the greatest common factor of 336 and 96.
48
Calculate the highest common factor of 2 and 86.
2
What is the greatest common factor of 28 and 91?
7
Calculate the highest common divisor of 15 and 705.
15
Calculate the greatest common divisor of 297 and 54.
27
Calculate the highest common divisor of 408 and 4284.
204
What is the highest common divisor of 2337 and 57?
57
What is the greatest common factor of 80 and 1460?
20
Calculate the highest common factor of 966 and 3.
3
Calculate the highest common divisor of 7 and 11.
1
Calculate the highest common divisor of 21 and 1806.
21
What is the greatest common divisor of 42541 and 19?
19
What is the greatest common divisor of 351 and 117?
117
What is the highest common factor of 682 and 3968?
62
Calculate the highest common factor of 2914 and 47.
47
Calculate the greatest common factor of 296 and 128.
8
Calculate the greatest common factor of 44 and 704.
44
Calculate the greatest common factor of 3213 and 9.
9
Calculate the highest common factor of 280 and 40.
40
Calculate the highest common factor of 1656 and 72.
72
What is the highest common factor of 22 and 803?
11
What is the highest common factor of 403 and 155?
31
Calculate the greatest common divisor of 4655 and 735.
245
What is the highest common factor of 35 and 385?
35
Calculate the greatest common divisor of 6125 and 98.
49
What is the highest common factor of 2325 and 93?
93
Calculate the greatest common divisor of 78 and 42.
6
Calculate the highest common divisor of 464 and 203.
29
What is the greatest common factor of 270 and 105?
15
What is the highest common factor of 427 and 4575?
61
What is the greatest common factor of 44 and 28?
4
Calculate the highest common divisor of 84 and 231.
21
Calculate the greatest common factor of 55940 and 20.
20
What is the greatest common divisor of 25 and 25?
25
Calculate the greatest common factor of 85 and 731.
17
Calculate the highest common divisor of 2925 and 150.
75
Calculate the highest common factor of 756 and 324.
108
What is the highest common divisor of 108 and 1824?
12
Calculate the highest common divisor of 98 and 119.
7
What is the greatest common factor of 12533 and 415?
83
Calculate the greatest common divisor of 52 and 377.
13
Calculate the highest common divisor of 3 and 543.
3
What is the highest common factor of 962 and 148?
74
What is the greatest common factor of 387 and 301?
43
What is the highest common factor of 107 and 4?
1
What is the greatest common divisor of 21 and 287?
7
Calculate the highest common factor of 117 and 20280.
39
What is the greatest common divisor of 2941 and 34?
17
Calculate the greatest common factor of 86 and 4429.
43
Calculate the highest common factor of 232 and 29.
29
Calculate the greatest common divisor of 61 and 39223.
61
What is the greatest common divisor of 1162 and 3154?
166
What is the highest common factor of 11403 and 27?
9
Calculate the highest common divisor of 765 and 1615.
85
What is the highest common factor of 4709 and 1662?
277
Calculate the highest common factor of 35 and 1085.
35
What is the greatest common factor of 10 and 90?
10
What is the highest common divisor of 1902 and 6?
6
What is the highest common divisor of 42526 and 22?
22
What is the highest common divisor of 5 and 390?
5
Calculate the highest common factor of 3289 and 1144.
143
What is the greatest common divisor of 186 and 837?
93
Calculate the greatest common factor of 25 and 4525.
25
Calculate the highest common factor of 138 and 18.
6
What is the highest common divisor of 366 and 8967?
183
Calculate the highest common divisor of 55 and 7.
1
What is the highest common factor of 202 and 50?
2
Calculate the highest common divisor of 131 and 4061.
131
What is the greatest common divisor of 752 and 16?
16
What is the highest common divisor of 15 and 5?
5
Calcula